{"id":882,"date":"2026-04-04T11:33:27","date_gmt":"2026-04-04T11:33:27","guid":{"rendered":"https:\/\/ops.gorakalwaria.pl\/?page_id=882"},"modified":"2026-04-04T11:33:27","modified_gmt":"2026-04-04T11:33:27","slug":"jednorazowa-zapomoga-z-tytulu-urodzenia-sie-dziecka","status":"publish","type":"page","link":"https:\/\/ops.gorakalwaria.pl\/jednorazowa-zapomoga-z-tytulu-urodzenia-sie-dziecka\/","title":{"rendered":"Jednorazowa zapomoga z tytu\u0142u urodzenia si\u0119 dziecka"},"content":{"rendered":"<p><strong>Jednorazowa zapomoga z tytu\u0142u urodzenia si\u0119 dziecka<\/strong><\/p>\n<p>Przyznanie prawa do jednorazowej zapomogi z tytu\u0142u urodzenia si\u0119 \u017cywego dziecka jest uzale\u017cnione od<br \/>kryterium dochodowego. Jednorazowa zapomoga przys\u0142uguje, je\u017celi doch\u00f3d rodziny w przeliczeniu na<br \/>osob\u0119 nie przekracza miesi\u0119cznie kwoty 1922,00 z\u0142.<br \/>Zapomoga przys\u0142uguje:<\/p>\n<ul style=\"list-style-type: square;\">\n<li>matce lub ojcu dziecka,<\/li>\n<li>opiekunowi prawnemu albo opiekunowi faktycznemu dziecka (oznacza to osob\u0119 faktycznie opiekuj\u0105c\u0105 si\u0119 dzieckiem, je\u017celi wyst\u0105pi\u0142a z wnioskiem do s\u0105du rodzinnego o przysposobienie dziecka).<\/li>\n<\/ul>\n<p>Jednorazowa zapomoga z tytu\u0142u urodzenia si\u0119 dziecka przys\u0142uguje jednorazowo w wysoko\u015bci 1000 z\u0142 na jedno dziecko. W przypadku wyst\u0105pienia o przysposobienie wi\u0119cej ni\u017c jednego dziecka lub urodzenia wi\u0119cej ni\u017c jednego dziecka podczas jednego porodu zapomoga przys\u0142uguje na ka\u017cde dziecko. Wniosek o wyp\u0142at\u0119 jednorazowej zapomogi nale\u017cy z\u0142o\u017cy\u0107 w terminie 12 miesi\u0119cy od dnia narodzin<br \/>dziecka. W przypadku gdy wniosek dotyczy dziecka obj\u0119tego opiek\u0105 prawn\u0105, opiek\u0105 faktyczn\u0105 albo dziecka przysposobionego wniosek sk\u0142ada si\u0119 w terminie 12 miesi\u0119cy od dnia obj\u0119cia dziecka opiek\u0105 albo przysposobieniem, nie p\u00f3\u017aniej ni\u017c do uko\u0144czenia przez dziecko 18-do roku \u017cycia. Wniosek z\u0142o\u017cony po terminie pozostawia si\u0119 bez rozpoznania.<\/p>\n<p>Jednorazowa zapomoga nie przys\u0142uguje, je\u017celi:<\/p>\n<ul style=\"list-style-type: square;\">\n<li>cz\u0142onkowi rodziny przys\u0142uguje za granic\u0105 \u015bwiadczenie z tytu\u0142u urodzenia dziecka, chyba \u017ce przepisy o koordynacji system\u00f3w zabezpieczenia spo\u0142ecznego lub dwustronne umowy o zabezpieczeniu spo\u0142ecznym stanowi\u0105 inaczej,<\/li>\n<li>osobie samotnie wychowuj\u0105cej dziecko nie zosta\u0142o ustalone, na rzecz danego dziecka od jego rodzica, \u015bwiadczenie alimentacyjne na podstawie tytu\u0142u wykonawczego pochodz\u0105cego lub zatwierdzonego przez s\u0105d, chyba \u017ce:<br \/>1. rodzice lub jedno z rodzic\u00f3w dziecka nie \u017cyje,<br \/>2. ojciec dziecka jest nieznany,<br \/>3. pow\u00f3dztwo o ustalenie \u015bwiadczenia alimentacyjnego od drugiego z rodzic\u00f3w zosta\u0142o oddalone,<br \/>4. s\u0105d zobowi\u0105za\u0142 jedno z rodzic\u00f3w do ponoszenia ca\u0142kowitych koszt\u00f3w utrzymania dziecka i nie zobowi\u0105za\u0142 drugiego z rodzic\u00f3w do \u015bwiadczenia alimentacyjnego na rzecz tego dziecka,<br \/>5. dziecko, zgodnie z orzeczeniem s\u0105du, jest pod opiek\u0105 naprzemienn\u0105 obojga rodzic\u00f3w sprawowan\u0105 w por\u00f3wnywalnych i powtarzaj\u0105cych si\u0119 okresach.<\/li>\n<\/ul>\n<p>Do wniosku o ustalenie prawa do jednorazowej zapomogi z tytu\u0142u urodzenia si\u0119 dziecka nale\u017cy do\u0142\u0105czy\u0107<br \/>odpowiednio:<\/p>\n<ul style=\"list-style-type: square;\">\n<li>dokumenty jak do zasi\u0142ku rodzinnego,<\/li>\n<li>za\u015bwiadczenie lekarskie lub za\u015bwiadczenie wystawione przez po\u0142o\u017cn\u0105, potwierdzaj\u0105ce pozostawanie kobiety pod opiek\u0105 medyczna nie p\u00f3\u017aniej ni\u017c od 10 tygodnia ci\u0105\u017cy do porodu.<\/li>\n<\/ul>\n<\/section>\n<section \n\n","protected":false},"excerpt":{"rendered":"<p>Jednorazowa zapomoga z tytu\u0142u urodzenia si\u0119 dziecka Przyznanie prawa do jednorazowej zapomogi z tytu\u0142u urodzenia si\u0119 \u017cywego dziecka jest uzale\u017cnione odkryterium dochodowego. Jednorazowa zapomoga przys\u0142uguje, je\u017celi doch\u00f3d rodziny w przeliczeniu naosob\u0119 nie przekracza miesi\u0119cznie kwoty 1922,00 z\u0142.Zapomoga przys\u0142uguje: matce lub ojcu dziecka, opiekunowi prawnemu albo opiekunowi faktycznemu dziecka (oznacza to osob\u0119 faktycznie opiekuj\u0105c\u0105 si\u0119 dzieckiem, [&hellip;]<\/p>\n","protected":false},"author":1,"featured_media":0,"parent":0,"menu_order":0,"comment_status":"closed","ping_status":"closed","template":"","meta":{"footnotes":""},"class_list":["post-882","page","type-page","status-publish","hentry"],"_links":{"self":[{"href":"https:\/\/ops.gorakalwaria.pl\/wp-json\/wp\/v2\/pages\/882","targetHints":{"allow":["GET"]}}],"collection":[{"href":"https:\/\/ops.gorakalwaria.pl\/wp-json\/wp\/v2\/pages"}],"about":[{"href":"https:\/\/ops.gorakalwaria.pl\/wp-json\/wp\/v2\/types\/page"}],"author":[{"embeddable":true,"href":"https:\/\/ops.gorakalwaria.pl\/wp-json\/wp\/v2\/users\/1"}],"replies":[{"embeddable":true,"href":"https:\/\/ops.gorakalwaria.pl\/wp-json\/wp\/v2\/comments?post=882"}],"version-history":[{"count":0,"href":"https:\/\/ops.gorakalwaria.pl\/wp-json\/wp\/v2\/pages\/882\/revisions"}],"wp:attachment":[{"href":"https:\/\/ops.gorakalwaria.pl\/wp-json\/wp\/v2\/media?parent=882"}],"curies":[{"name":"wp","href":"https:\/\/api.w.org\/{rel}","templated":true}]}}