{"id":275,"date":"2026-04-04T09:05:54","date_gmt":"2026-04-04T09:05:54","guid":{"rendered":"https:\/\/ops.gorakalwaria.pl\/?page_id=275"},"modified":"2026-04-04T10:28:43","modified_gmt":"2026-04-04T10:28:43","slug":"deklaracja-dostepnosci","status":"publish","type":"page","link":"https:\/\/ops.gorakalwaria.pl\/deklaracja-dostepnosci\/","title":{"rendered":"Deklaracja Dost\u0119pno\u015bci"},"content":{"rendered":"\t\t<div data-elementor-type=\"wp-page\" data-elementor-id=\"275\" class=\"elementor elementor-275\" data-elementor-post-type=\"page\">\n\t\t\t\t<div class=\"elementor-element elementor-element-989c205 e-flex e-con-boxed e-con e-parent\" data-id=\"989c205\" data-element_type=\"container\" data-e-type=\"container\">\n\t\t\t\t\t<div class=\"e-con-inner\">\n\t\t\t\t<div class=\"elementor-element elementor-element-33ac3a6 elementor-widget elementor-widget-text-editor\" data-id=\"33ac3a6\" data-element_type=\"widget\" data-e-type=\"widget\" data-widget_type=\"text-editor.default\">\n\t\t\t\t\t\t\t\t\t<p><b>Deklaracja dost\u0119pno\u015bci O\u015brodka Pomocy Spo\u0142ecznej w G\u00f3rze Kalwarii<\/b><\/p><p>O\u015brodek Pomocy Spo\u0142ecznej w G\u00f3rze Kalwarii zobowi\u0105zuje si\u0119 zapewni\u0107 dost\u0119pno\u015b\u0107 swojej strony internetowej zgodnie z przepisami ustawy z dnia 4 kwietnia 2019 r. o dost\u0119pno\u015bci cyfrowej stron internetowych i aplikacji mobilnych podmiot\u00f3w publicznych. O\u015bwiadczenie w sprawie dost\u0119pno\u015bci ma zastosowanie do strony internetowej O\u015brodka Pomocy Spo\u0142ecznej w G\u00f3rze Kalwarii.<\/p><p>Data publikacji strony internetowej: 27.04.2021<\/p><p>Data ostatniej istotnej aktualizacji: 04.02.2026<\/p><p><b>Status pod wzgl\u0119dem zgodno\u015bci z ustaw\u0105<\/b><\/p><p>Strona internetowa jest cz\u0119\u015bciowo zgodna z ustaw\u0105 o dost\u0119pno\u015bci cyfrowej stron internetowych i aplikacji mobilnych podmiot\u00f3w publicznych z powodu niezgodno\u015bci lub wy\u0142\u0105cze\u0144 wymienionych poni\u017cej.<\/p><p><b>Tre\u015bci niedost\u0119pne<\/b><\/p><ul><li><p>zamieszczone na stronie publikacje w formie plik\u00f3w PDF nie s\u0105 dost\u0119pne cyfrowo w ca\u0142o\u015bci,<\/p><\/li><li><p>cz\u0119\u015b\u0107 z opublikowanych zdj\u0119\u0107 nie posiada opisu alternatywnego,<\/p><\/li><li><p>cz\u0119\u015b\u0107 film\u00f3w nie posiada napis\u00f3w dla os\u00f3b g\u0142uchych oraz nie posiada opisu tekstowego,<\/p><\/li><li><p>cz\u0119\u015b\u0107 plik\u00f3w nie jest dost\u0119pnych cyfrowo,<\/p><\/li><li><p>na niekt\u00f3rych stronach brak odpowiedniej struktury nag\u0142\u00f3wkowej artyku\u0142\u00f3w,<\/p><\/li><li><p>na niekt\u00f3rych stronach elementy wej\u015bciowe nie posiadaj\u0105 okre\u015blonego przeznaczenia,<\/p><\/li><li><p>do zaznaczania niekt\u00f3rych tre\u015bci u\u017cyto jedynie wyr\u00f3\u017cnienia kolorem,<\/p><\/li><li><p>niekt\u00f3re informacje przedstawiono jedynie w formie graficznej,<\/p><\/li><li><p>niekt\u00f3re elementy tekstowe przedstawiono w formie grafiki.<\/p><\/li><\/ul><p><b>Wy\u0142\u0105czenia<\/b><\/p><ul><li><p>dokumenty tekstowe i tekstowo-graficzne, dokumenty utworzone w programach przeznaczonych do tworzenia prezentacji lub arkuszy kalkulacyjnych, opublikowane przed dniem 23 wrze\u015bnia 2018 r. s\u0105 wy\u0142\u0105czone z obowi\u0105zku zapewniania dost\u0119pno\u015bci,<\/p><\/li><li><p>tre\u015bci archiwalne, niewykorzystywane do realizacji bie\u017c\u0105cych zada\u0144, s\u0105 wy\u0142\u0105czone z obowi\u0105zku zapewniania dost\u0119pno\u015bci.<\/p><\/li><\/ul><p><b>Przygotowanie deklaracji w sprawie dost\u0119pno\u015bci<\/b><\/p><p>Deklaracj\u0119 sporz\u0105dzono dnia: 19.05.2025<\/p><p>Deklaracj\u0119 zosta\u0142a ostatnio poddana przegl\u0105dowi i aktualizacji dnia: 04.02.2026<\/p><p>Deklaracj\u0119 sporz\u0105dzono na podstawie samooceny.<\/p><p>Informacje zwrotne i dane kontaktowe<\/p><p>Za rozpatrywanie uwag i wniosk\u00f3w odpowiada: Kamila Korzeniewska.<\/p><p>E-mail: ops@gorakalwaria.pl<\/p><p>Telefon: +48 22 727 33 36<\/p><p>Ka\u017cdy ma prawo:<\/p><ul><li><p>zg\u0142osi\u0107 uwagi dotycz\u0105ce dost\u0119pno\u015bci cyfrowej strony lub jej elementu,<\/p><\/li><li><p>zg\u0142osi\u0107 \u017c\u0105danie zapewnienia dost\u0119pno\u015bci cyfrowej strony lub jej elementu,<\/p><\/li><li><p>wnioskowa\u0107 o udost\u0119pnienie niedost\u0119pnej informacji w innej alternatywnej formie.<\/p><\/li><\/ul><p>\u017b\u0105danie musi zawiera\u0107:<\/p><ul><li><p>dane kontaktowe osoby zg\u0142aszaj\u0105cej,<\/p><\/li><li><p>wskazanie strony lub elementu strony, kt\u00f3rej dotyczy \u017c\u0105danie,<\/p><\/li><li><p>wskazanie dogodnej formy udost\u0119pnienia informacji, je\u015bli \u017c\u0105danie dotyczy udost\u0119pnienia w formie alternatywnej informacji niedost\u0119pnej.<\/p><\/li><\/ul><p>Rozpatrzenie zg\u0142oszenia powinno nast\u0105pi\u0107 niezw\u0142ocznie, najp\u00f3\u017aniej w ci\u0105gu 7 dni. Je\u015bli w tym terminie zapewnienie dost\u0119pno\u015bci albo zapewnienie dost\u0119pu w alternatywnej formie nie jest mo\u017cliwe, powinno nast\u0105pi\u0107 najdalej w ci\u0105gu 2 miesi\u0119cy od daty zg\u0142oszenia.<\/p><p><b>Skargi i odwo\u0142ania<\/b><\/p><p>Ka\u017cdy ma prawo do wyst\u0105pienia z \u017c\u0105daniem zapewnienia dost\u0119pno\u015bci cyfrowej strony internetowej, aplikacji mobilnej lub jakiego\u015b ich elementu. Mo\u017cna tak\u017ce za\u017c\u0105da\u0107 udost\u0119pnienia informacji za pomoc\u0105 alternatywnego sposobu dost\u0119pu, na przyk\u0142ad przez odczytanie niedost\u0119pnego cyfrowo dokumentu, opisanie zawarto\u015bci filmu bez audio deskrypcji itp. \u017b\u0105danie powinno zawiera\u0107 dane osoby zg\u0142aszaj\u0105cej \u017c\u0105danie, wskazanie, o kt\u00f3r\u0105 stron\u0119 internetow\u0105 lub aplikacj\u0119 mobiln\u0105 chodzi oraz spos\u00f3b kontaktu. Je\u017celi osoba \u017c\u0105daj\u0105ca zg\u0142asza potrzeb\u0119 otrzymania informacji za pomoc\u0105 alternatywnego sposobu dost\u0119pu, powinna tak\u017ce okre\u015bli\u0107 dogodny dla niej spos\u00f3b przedstawienia tej informacji. Podmiot publiczny powinien zrealizowa\u0107 \u017c\u0105danie niezw\u0142ocznie, nie p\u00f3\u017aniej ni\u017c w ci\u0105gu 7 dni od dnia wyst\u0105pienia z \u017c\u0105daniem. Je\u017celi dotrzymanie tego terminu nie jest mo\u017cliwe, podmiot publiczny niezw\u0142ocznie informuje o tym wnosz\u0105cego \u017c\u0105danie, kiedy realizacja \u017c\u0105dania b\u0119dzie mo\u017cliwa, przy czym termin ten nie mo\u017ce by\u0107 d\u0142u\u017cszy ni\u017c 2 miesi\u0105ce od dnia wyst\u0105pienia z \u017c\u0105daniem. Je\u017celi zapewnienie dost\u0119pno\u015bci cyfrowej nie jest mo\u017cliwe, podmiot publiczny mo\u017ce zaproponowa\u0107 alternatywny spos\u00f3b dost\u0119pu do informacji. W przypadku, gdy podmiot publiczny odm\u00f3wi realizacji \u017c\u0105dania zapewnienia dost\u0119pno\u015bci lub alternatywnego sposobu dost\u0119pu do informacji, wnosz\u0105cy \u017c\u0105danie mo\u017cne z\u0142o\u017cy\u0107 skarg\u0119 w sprawie zapewniana dost\u0119pno\u015bci cyfrowej strony internetowej, aplikacji mobilnej lub elementu strony internetowej, lub aplikacji mobilnej. Po wyczerpaniu wskazanej wy\u017cej procedury mo\u017cna tak\u017ce z\u0142o\u017cy\u0107 skarg\u0119 do Rzecznika Praw Obywatelskich.<\/p><p><b>Dost\u0119pno\u015b\u0107 architektoniczna<\/b><\/p><p>Budynki O\u015brodka Pomocy Spo\u0142ecznej w G\u00f3rze Kalwarii przy ulicy Pijarskiej 40 oraz Pileckiego 10 s\u0105 wolne od barier poziomych i pionowych przestrzeni komunikacyjnych;<\/p><p>rozwi\u0105za\u0144 architektonicznych, \u015brodk\u00f3w technicznych lub posiadania zainstalowanych urz\u0105dze\u0144, kt\u00f3re umo\u017cliwiaj\u0105 dost\u0119p do wszystkich pomieszcze\u0144, z wy\u0142\u0105czeniem pomieszcze\u0144 technicznych;<\/p><p>informacji na temat rozk\u0142adu pomieszcze\u0144, co najmniej w spos\u00f3b wizualny i dotykowy lub g\u0142osowy;<\/p><p>wst\u0119pu do budynku osobie korzystaj\u0105cej z psa asystuj\u0105cego;<\/p><p>zapewnienia w przypadku takiego budynku\/pomieszczenia osobom ze szczeg\u00f3lnymi potrzebami mo\u017cliwo\u015b\u0107 ewakuacji lub uratowania w inny spos\u00f3b.<\/p><p>O\u015brodek Pomocy Spo\u0142ecznej w G\u00f3rze Kalwarii zobowi\u0105zuje si\u0119 zapewni\u0107 dost\u0119pno\u015b\u0107 swojej strony internetowej zgodnie z przepisami ustawy z dnia 4 kwietnia 2019 r. o dost\u0119pno\u015bci cyfrowej stron internetowych i aplikacji mobilnych podmiot\u00f3w publicznych. O\u015bwiadczenie w sprawie dost\u0119pno\u015bci ma zastosowanie do strony internetowej O\u015brodka Pomocy Spo\u0142ecznej w G\u00f3rze Kalwarii.<\/p><p><b>Dost\u0119pno\u015b\u0107 informacyjno-komunikacyjna<\/b><\/p><p>O\u015brodek Pomocy Spo\u0142ecznej zapewnia osobom ze szczeg\u00f3lnymi potrzebami obs\u0142ug\u0119<\/p><p>z wykorzystaniem ni\u017cej wymienionych sposob\u00f3w\/\u015brodk\u00f3w wspieraj\u0105cych komunikowanie si\u0119:<\/p><ul><li><p>Kontakt telefoniczny;<\/p><\/li><li><p>Kontakt korespondencyjny;<\/p><\/li><li><p>Kontakt za po\u015brednictwem poczty elektronicznej;<\/p><\/li><li><p>Przesy\u0142anie wiadomo\u015bci tekstowych, w tym z wykorzystaniem wiadomo\u015bci SMS, MMS lub komunikator\u00f3w internetowych;<\/p><\/li><li><p>Komunikacja audiowizualna, w tym z wykorzystaniem komunikator\u00f3w internetowych.<\/p><\/li><\/ul><p>O\u015brodek Pomocy Spo\u0142ecznej nie posiada zasob\u00f3w\/\u015brodk\u00f3w do zapewnia osobom ze szczeg\u00f3lnymi potrzebami obs\u0142ugi z wykorzystaniem ni\u017cej wymienionych sposob\u00f3w\/\u015brodk\u00f3w wspieraj\u0105cych komunikowanie si\u0119:<\/p><ul><li><p>Przesy\u0142anie faks\u00f3w;<\/p><\/li><li><p>Wykorzystanie t\u0142umacza j\u0119zyka migowego przez strony internetowe i\/lub aplikacje (t\u0142umaczenie online);<\/p><\/li><\/ul><p>O\u015brodek Pomocy Spo\u0142ecznej nie posiada urz\u0105dze\u0144 lub \u015brodk\u00f3w technicznych do obs\u0142ugi os\u00f3b s\u0142abos\u0142ysz\u0105cych, takich jak np. p\u0119tle indukcyjne, systemy FM, systemy na podczerwie\u0144 (IR), systemy Bluetooth.<\/p><p>O\u015brodek Pomocy Spo\u0142ecznej prowadzi jedn\u0105 stron\u0119 internetow\u0105 na kt\u00f3rej zapewnia poni\u017csze u\u0142atwienia dost\u0119pu:<\/p><ul><li><p>Odwracanie wersji kolorystycznej; Monochromatyczn\u0105 wersj\u0119 strony; Zmian\u0119 kontrastu strony na ciemny lub jasny; Opcj\u0119 skalowania wy\u015bwietlanych tre\u015bci, zmian\u0119 wielko\u015bci czcionki.<\/p><\/li><li>\u00a0<\/li><\/ul><p>Na stronie prowadzonej przez O\u015brodek Pomocy Spo\u0142ecznej nie ma zapewnienia do poni\u017cszych u\u0142atwie\u0144 dost\u0119pu:<\/p><ul><li><p>tekstu odczytywalny maszynowo;<\/p><\/li><li><p>nagra\u0144 tre\u015bci w polskim j\u0119zyku migowym (PJM) w postaci pliku wideo.<\/p><\/li><li><p>Informacja o dost\u0119pie alternatywnym<\/p><\/li><\/ul><p>O\u015brodek Pomocy Spo\u0142ecznej deklaruje zapewnienie dost\u0119pu alternatywnego w postaci:<\/p><ul><li><p>wsparcia innej osoby;<\/p><\/li><li><p>wsparcia technologicznego, w tym z wykorzystaniem nowoczesnych technologii;<\/p><\/li><li><p>zmian w organizacji funkcjonowania podmiotu.<\/p><\/li><\/ul><p>Od rozpocz\u0119cia swojej dzia\u0142alno\u015bci O\u015brodek Pomocy Spo\u0142ecznej nie otrzyma\u0142o \u017cadnego wniosku o zapewnienie dost\u0119pu alternatywnego.<\/p>\t\t\t\t\t\t\t\t<\/div>\n\t\t\t\t\t<\/div>\n\t\t\t\t<\/div>\n\t\t\t\t<\/div>\n\t\t","protected":false},"excerpt":{"rendered":"<p>Deklaracja dost\u0119pno\u015bci O\u015brodka Pomocy Spo\u0142ecznej w G\u00f3rze Kalwarii O\u015brodek Pomocy Spo\u0142ecznej w G\u00f3rze Kalwarii zobowi\u0105zuje si\u0119 zapewni\u0107 dost\u0119pno\u015b\u0107 swojej strony internetowej zgodnie z przepisami ustawy z dnia 4 kwietnia 2019 r. o dost\u0119pno\u015bci cyfrowej stron internetowych i aplikacji mobilnych podmiot\u00f3w publicznych. O\u015bwiadczenie w sprawie dost\u0119pno\u015bci ma zastosowanie do strony internetowej O\u015brodka Pomocy Spo\u0142ecznej w G\u00f3rze [&hellip;]<\/p>\n","protected":false},"author":1,"featured_media":0,"parent":0,"menu_order":0,"comment_status":"closed","ping_status":"closed","template":"","meta":{"footnotes":""},"class_list":["post-275","page","type-page","status-publish","hentry"],"_links":{"self":[{"href":"https:\/\/ops.gorakalwaria.pl\/wp-json\/wp\/v2\/pages\/275","targetHints":{"allow":["GET"]}}],"collection":[{"href":"https:\/\/ops.gorakalwaria.pl\/wp-json\/wp\/v2\/pages"}],"about":[{"href":"https:\/\/ops.gorakalwaria.pl\/wp-json\/wp\/v2\/types\/page"}],"author":[{"embeddable":true,"href":"https:\/\/ops.gorakalwaria.pl\/wp-json\/wp\/v2\/users\/1"}],"replies":[{"embeddable":true,"href":"https:\/\/ops.gorakalwaria.pl\/wp-json\/wp\/v2\/comments?post=275"}],"version-history":[{"count":5,"href":"https:\/\/ops.gorakalwaria.pl\/wp-json\/wp\/v2\/pages\/275\/revisions"}],"predecessor-version":[{"id":731,"href":"https:\/\/ops.gorakalwaria.pl\/wp-json\/wp\/v2\/pages\/275\/revisions\/731"}],"wp:attachment":[{"href":"https:\/\/ops.gorakalwaria.pl\/wp-json\/wp\/v2\/media?parent=275"}],"curies":[{"name":"wp","href":"https:\/\/api.w.org\/{rel}","templated":true}]}}