{"id":190,"date":"2026-03-14T13:02:15","date_gmt":"2026-03-14T13:02:15","guid":{"rendered":"https:\/\/ops.gorakalwaria.pl\/?page_id=190"},"modified":"2026-03-14T13:07:27","modified_gmt":"2026-03-14T13:07:27","slug":"asystent-osobisty-osoby-z-niepelnosprawnoscia","status":"publish","type":"page","link":"https:\/\/ops.gorakalwaria.pl\/asystent-osobisty-osoby-z-niepelnosprawnoscia\/","title":{"rendered":"Asystent osobisty osoby z niepe\u0142nosprawno\u015bci\u0105"},"content":{"rendered":"\t\t<div data-elementor-type=\"wp-page\" data-elementor-id=\"190\" class=\"elementor elementor-190\" data-elementor-post-type=\"page\">\n\t\t\t\t<div class=\"elementor-element elementor-element-85856c8 e-flex e-con-boxed e-con e-parent\" data-id=\"85856c8\" data-element_type=\"container\" data-e-type=\"container\">\n\t\t\t\t\t<div class=\"e-con-inner\">\n\t\t\t\t<div class=\"elementor-element elementor-element-a9f3aed elementor-widget elementor-widget-text-editor\" data-id=\"a9f3aed\" data-element_type=\"widget\" data-e-type=\"widget\" data-widget_type=\"text-editor.default\">\n\t\t\t\t\t\t\t\t\t<section class=\"article-text\"><h2>Asystent osobisty osoby z niepe\u0142nosprawno\u015bci\u0105 &#8211; edycja 2026<\/h2><p>Gmina G\u00f3ra Kalwaria realizuje Program \u201eAsystent osobisty osoby z niepe\u0142nosprawno\u015bci\u0105\u201d &#8211; edycja 2026, finansowany ze \u015brodk\u00f3w Funduszu Solidarno\u015bciowego.<\/p><h3>Informacje o programie<\/h3><p>Celem programu jest zapewnienie osobom z niepe\u0142nosprawno\u015bciami wsparcia w wykonywaniu codziennych czynno\u015bci oraz funkcjonowaniu w \u017cyciu spo\u0142ecznym poprzez us\u0142ugi asystencji osobistej. Program skierowany jest do dzieci oraz doros\u0142ych os\u00f3b z niepe\u0142nosprawno\u015bciami, spe\u0142niaj\u0105cych kryteria okre\u015blone w dokumentacji programowej.<\/p><p>Udzia\u0142 w programie jest bezp\u0142atny dla uczestnik\u00f3w.<\/p><h2>Dokumenty do pobrania<\/h2><p>Poni\u017cej udost\u0119pnione s\u0105 dokumenty obowi\u0105zuj\u0105ce w ramach realizacji Programu:<\/p><ul><li><p><a href=\"https:\/\/ops.gorakalwaria.pl\/wp-content\/uploads\/2026\/03\/programaoonjst2026.pdf\" target=\"_blank\" rel=\"noopener\">Program \u201eAsystent osobisty osoby z niepe\u0142nosprawno\u015bci\u0105\u201d &#8211; edycja 2026<\/a><\/p><\/li><li><p><a href=\"https:\/\/ops.gorakalwaria.pl\/wp-content\/uploads\/2026\/03\/zalaczniknr7doprogramuaoonjst2026_karta_zgloszenia.docx\" target=\"_blank\" rel=\"noopener\">Karta zg\u0142oszenia do Programu (za\u0142\u0105cznik nr 7)<\/a><\/p><\/li><li><p><a href=\"https:\/\/ops.gorakalwaria.pl\/wp-content\/uploads\/2026\/03\/zalaczniknr8doprogramuaoonjst2026_kartazakresuczynnosci.pdf\" target=\"_blank\" rel=\"noopener\">Karta zakresu czynno\u015bci w ramach us\u0142ugi asystencji osobistej (za\u0142\u0105cznik nr 8)<\/a><\/p><\/li><li><p><a href=\"https:\/\/ops.gorakalwaria.pl\/wp-content\/uploads\/2026\/03\/zalaczniknr9doprogramuaoonjst2026_karta_realizacji_uslug.pdf\" target=\"_blank\" rel=\"noopener\">Karta realizacji us\u0142ug asystencji osobistej (za\u0142\u0105cznik nr 9)<\/a><\/p><\/li><li><p><a href=\"https:\/\/ops.gorakalwaria.pl\/wp-content\/uploads\/2026\/03\/zalaczniknr10doprogramuaoonjst2026_ewidencjaprzebiegupojazdu_1.pdf\" target=\"_blank\" rel=\"noopener\">Ewidencja przebiegu pojazdu (za\u0142\u0105cznik nr 10)<\/a><\/p><\/li><li><p><a href=\"https:\/\/ops.gorakalwaria.pl\/wp-content\/uploads\/2026\/03\/zalaczniknr11doprogramuaoonjst2026_ewidencjaprzejazduinnymsrodkiemtransportu_1.pdf\" target=\"_blank\" rel=\"noopener\">Ewidencja koszt\u00f3w przejazdu innym \u015brodkiem transportu, np. taks\u00f3wk\u0105 (za\u0142\u0105cznik nr 11)<\/a><\/p><\/li><li><p><a href=\"https:\/\/ops.gorakalwaria.pl\/wp-content\/uploads\/2026\/03\/zalaczniknr11doprogramuaoonjst2026_ewidencjaprzejazduinnymsrodkiemtransportu_1-1.pdf\" target=\"_blank\" rel=\"noopener\">Ewidencja bilet\u00f3w komunikacyjnych (za\u0142\u0105cznik nr 12)<\/a><\/p><\/li><\/ul><h2>Nab\u00f3r uczestnik\u00f3w<\/h2><p>Informacje o aktualnym naborze uczestnik\u00f3w do Programu publikowane s\u0105 na niniejszej stronie. Zg\u0142oszenia przyjmowane s\u0105 w terminach wskazanych w og\u0142oszeniu o naborze.<\/p><h2>Sk\u0142adanie wniosk\u00f3w<\/h2><p>Wnioski do Programu nale\u017cy sk\u0142ada\u0107 w:<\/p><p><strong>O\u015brodku Pomocy Spo\u0142ecznej w G\u00f3rze Kalwarii<\/strong><br \/>ul. rtm. W. Pileckiego 10<br \/>05-530 G\u00f3ra Kalwaria<\/p><p><strong>Godziny przyjmowania wniosk\u00f3w:<\/strong><br \/>od poniedzia\u0142ku do pi\u0105tku w godz.\u00a0<strong>8:00\u201316:00<\/strong><\/p><p><strong>Telefon:<\/strong>\u00a022 727 33 36<\/p><h2>Koordynator programu<\/h2><p>Koordynatorem Programu \u201eAsystent osobisty osoby z niepe\u0142nosprawno\u015bci\u0105\u201d \u2013 edycja 2026 z ramienia O\u015brodka Pomocy Spo\u0142ecznej w G\u00f3rze Kalwarii jest:<\/p><p><strong>Pani Magdalena Rolska<\/strong><br \/>\ud83d\udcde tel. 531 644 475<br \/>\u2709\ufe0f e-mail: aoon@ops.gorakalwaria.pl<\/p><h2>Informacje dodatkowe<\/h2><p>Na stronie publikowane b\u0119d\u0105 r\u00f3wnie\u017c materia\u0142y informacyjne, edukacyjne oraz komunikaty dotycz\u0105ce realizacji Programu, przekazywane przez Biuro Pe\u0142nomocnika Rz\u0105du do Spraw Os\u00f3b Niepe\u0142nosprawnych.<\/p><\/section><section class=\"article-meta\"><\/section>\t\t\t\t\t\t\t\t<\/div>\n\t\t\t\t\t<\/div>\n\t\t\t\t<\/div>\n\t\t\t\t<\/div>\n\t\t","protected":false},"excerpt":{"rendered":"<p>Asystent osobisty osoby z niepe\u0142nosprawno\u015bci\u0105 &#8211; edycja 2026 Gmina G\u00f3ra Kalwaria realizuje Program \u201eAsystent osobisty osoby z niepe\u0142nosprawno\u015bci\u0105\u201d &#8211; edycja 2026, finansowany ze \u015brodk\u00f3w Funduszu Solidarno\u015bciowego. Informacje o programie Celem programu jest zapewnienie osobom z niepe\u0142nosprawno\u015bciami wsparcia w wykonywaniu codziennych czynno\u015bci oraz funkcjonowaniu w \u017cyciu spo\u0142ecznym poprzez us\u0142ugi asystencji osobistej. Program skierowany jest do dzieci [&hellip;]<\/p>\n","protected":false},"author":1,"featured_media":0,"parent":0,"menu_order":0,"comment_status":"closed","ping_status":"closed","template":"","meta":{"footnotes":""},"class_list":["post-190","page","type-page","status-publish","hentry"],"_links":{"self":[{"href":"https:\/\/ops.gorakalwaria.pl\/wp-json\/wp\/v2\/pages\/190","targetHints":{"allow":["GET"]}}],"collection":[{"href":"https:\/\/ops.gorakalwaria.pl\/wp-json\/wp\/v2\/pages"}],"about":[{"href":"https:\/\/ops.gorakalwaria.pl\/wp-json\/wp\/v2\/types\/page"}],"author":[{"embeddable":true,"href":"https:\/\/ops.gorakalwaria.pl\/wp-json\/wp\/v2\/users\/1"}],"replies":[{"embeddable":true,"href":"https:\/\/ops.gorakalwaria.pl\/wp-json\/wp\/v2\/comments?post=190"}],"version-history":[{"count":4,"href":"https:\/\/ops.gorakalwaria.pl\/wp-json\/wp\/v2\/pages\/190\/revisions"}],"predecessor-version":[{"id":202,"href":"https:\/\/ops.gorakalwaria.pl\/wp-json\/wp\/v2\/pages\/190\/revisions\/202"}],"wp:attachment":[{"href":"https:\/\/ops.gorakalwaria.pl\/wp-json\/wp\/v2\/media?parent=190"}],"curies":[{"name":"wp","href":"https:\/\/api.w.org\/{rel}","templated":true}]}}